8983 and 41?
41
What is the greatest common factor of 169592 and 6579?
731
What is the highest common factor of 39169 and 9568?
299
What is the greatest common divisor of 109837 and 50765?
923
Calculate the greatest common divisor of 694 and 18.
2
Calculate the greatest common divisor of 477 and 42399.
9
Calculate the greatest common factor of 18867 and 6.
3
Calculate the greatest common divisor of 119 and 8708.
7
What is the greatest common factor of 227 and 165029?
227
What is the greatest common divisor of 1513683 and 2943?
981
What is the greatest common divisor of 123576 and 276?
12
Calculate the highest common divisor of 50041 and 11573.
163
What is the highest common factor of 56889 and 18?
9
What is the greatest common factor of 40315 and 55?
55
What is the greatest common divisor of 698 and 74?
2
Calculate the highest common divisor of 84 and 74193.
21
What is the highest common factor of 631655 and 152?
19
Calculate the highest common factor of 184038 and 300.
6
Calculate the highest common divisor of 54 and 942.
6
Calculate the highest common factor of 783 and 244557.
261
What is the highest common divisor of 14168 and 1386?
154
What is the greatest common divisor of 1243 and 2849?
11
What is the highest common divisor of 6860 and 24745?
245
What is the greatest common divisor of 208451 and 447?
149
Calculate the greatest common divisor of 51895 and 2140.
535
Calculate the greatest common factor of 23 and 63572.
23
Calculate the highest common divisor of 1206 and 1639557.
603
Calculate the greatest common divisor of 4508 and 1245496.
644
Calculate the greatest common divisor of 235115 and 295.
295
What is the highest common factor of 110 and 1613610?
10
Calculate the highest common divisor of 239449 and 2212.
553
What is the highest common factor of 403 and 16081?
13
Calculate the highest common divisor of 99 and 37539.
9
Calculate the highest common divisor of 48248 and 9176.
296
Calculate the highest common factor of 189 and 14778.
9
Calculate the highest common divisor of 23166 and 10.
2
Calculate the highest common factor of 840 and 707.
7
What is the highest common factor of 5109 and 351?
39
What is the greatest common factor of 16277 and 1191?
397
What is the highest common factor of 313264 and 336?
112
Calculate the greatest common divisor of 1338 and 157438.
446
What is the highest common divisor of 111 and 877677?
111
Calculate the greatest common factor of 1700 and 340.
340
What is the greatest common divisor of 141370 and 60?
10
Calculate the highest common divisor of 148 and 18176.
4
What is the highest common divisor of 1590 and 770?
10
What is the greatest common factor of 2429 and 133?
7
What is the highest common factor of 21 and 2179093?
7
Calculate the highest common factor of 7289 and 148.
37
What is the highest common divisor of 720 and 441?
9
Calculate the greatest common divisor of 1929 and 939.
3
What is the greatest common divisor of 12 and 12630?
6
Calculate the highest common divisor of 18849 and 1281.
183
Calculate the greatest common factor of 298 and 34.
2
Calculate the highest common factor of 1710 and 1890.
90
Calculate the highest common factor of 240208 and 16.
16
Calculate the greatest common factor of 292 and 2748.
4
Calculate the highest common divisor of 176992 and 32.
32
What is the greatest common factor of 1440 and 61200?
720
What is the highest common factor of 2090538 and 54?
18
What is the highest common factor of 24315 and 555?
15
What is the greatest common divisor of 78 and 445926?
78
Calculate the greatest common factor of 35448 and 16.
8
Calculate the highest common factor of 357111 and 27.
9
Calculate the greatest common factor of 102 and 14841.
51
Calculate the greatest common factor of 54 and 6226.
2
What is the greatest common factor of 151719 and 309?
309
Calculate the greatest common factor of 3730 and 196198.
746
What is the greatest common divisor of 918 and 469530?
54
Calculate the greatest common divisor of 644 and 135401.
161
What is the highest common factor of 108140 and 30?
10
Calculate the greatest common divisor of 99 and 7830.
9
What is the highest common factor of 495 and 42405?
165
Calculate the greatest common factor of 650 and 147225.
325
What is the highest common factor of 119 and 44149?
119
Calculate the greatest common factor of 9870 and 3570.
210
Calculate the greatest common divisor of 86 and 172903.
43
Calculate the highest common factor of 25887 and 15.
3
What is the greatest common factor of 606 and 23230?
202
Calculate the greatest common factor of 335 and 15343.
67
What is the greatest common divisor of 5 and 4147?
1
Calculate the highest common divisor of 2253 and 18.
3
What is the highest common divisor of 85 and 14265?
5
Calculate the highest common factor of 6813 and 66.
3
What is the greatest common factor of 927 and 639?
9
What is the highest common factor of 42028 and 5187?
133
Calculate the greatest common factor of 19484 and 32.
4
Calculate the highest common divisor of 7904 and 48640.
608
What is the greatest common factor of 64190 and 2358?
262
Calculate the greatest common divisor of 11195 and 1535.
5
Calculate the greatest common factor of 221 and 65671.
17
Calculate the greatest common divisor of 825864 and 312.
312
Calculate the greatest common factor of 905692 and 323.
323
What is the greatest common factor of 7372 and 63244?
388
What is the greatest common factor of 8425 and 575?
25
Calculate the greatest common divisor of 4510 and 341.
11
Calculate the highest common factor of 75 and 3192975.
75
Calculate the highest common divisor of 234 and 4366206.
234
What is the highest common divisor of 295 and 59413?
59
What is the highest common divisor of 8625 and 795225?
1725
What is the highest common divisor of 4127107 and 1751?
1751
What is the highest common divisor of 3353 and 9101?
479
Calculate the highest common divisor of 1974681 and 18.
9
What is the highest common divisor of 4401 and 1647?
27
Calculate the highest common factor of 100 and 149360.
20
What is the highest common divisor of 19952 and 85144?
232
Calculate the greatest common factor of 79702 and 826.
14
What is the highest common divisor of 112896 and 1638?
126
Calculate the greatest common divisor of 180 and 21020.
20
Calculate the highest common factor of 252 and 166950.
126
Calculate the highest common factor of 19773 and 936.
117
What is the greatest common factor of 81851 and 71221?
1063
Calculate the highest common factor of 8848 and 1232.
112
What is the greatest common divisor of 22026 and 9?
3
Calculate the highest common divisor of 240 and 230320.
80
What is the highest common divisor of 33735 and 12165?
15
What is the greatest common divisor of 1020 and 38505?
255
What is the greatest common divisor of 132 and 106326?
66
What is the highest common divisor of 140 and 2840460?
140
What is the greatest common factor of 6880 and 1168?
16
What is the greatest common factor of 222 and 3436449?
111
What is the highest common divisor of 89411 and 403193?
1687
Calculate the highest common divisor of 987751 and 599.
599
Calculate the highest common divisor of 16771 and 135791.
541
Calculate the greatest common factor of 37714 and 865.
173
What is the highest common factor of 303308 and 3056?
764
What is the highest common factor of 2072261 and 498?
83
What is the greatest common divisor of 2824360 and 1120?
280
Calculate the greatest common divisor of 31 and 2507.
1
Calculate the greatest common factor of 8262 and 2538.
54
Calculate the greatest common divisor of 21 and 346773.
21
Calculate the greatest common divisor of 5476 and 420283.
1369
What is the highest common divisor of 200 and 98860?
20
What is the greatest common factor of 221956 and 8?
4
Calculate the highest common factor of 7141 and 1369.
37
What is the highest common divisor of 4510 and 5170?
110
What is the greatest common divisor of 149050 and 440?
110
Calculate the highest common factor of 60 and 321105.
15
Calculate the greatest common factor of 442 and 12444.
34
Calculate the highest common divisor of 2546 and 42143.
67
What is the highest common factor of 234542 and 2156?
154
What is the highest common factor of 16940 and 133?
7
What is the greatest common divisor of 506042 and 8414?
1202
What 